{"id":221,"date":"2024-10-02T16:36:44","date_gmt":"2024-10-02T14:36:44","guid":{"rendered":"https:\/\/goering-consulting.de\/?page_id=221"},"modified":"2024-10-14T12:24:17","modified_gmt":"2024-10-14T10:24:17","slug":"impressum","status":"publish","type":"page","link":"https:\/\/goering-consulting.de\/index.php\/impressum\/","title":{"rendered":"Impressum"},"content":{"rendered":"\t\t<div data-elementor-type=\"wp-page\" data-elementor-id=\"221\" class=\"elementor elementor-221\" data-elementor-post-type=\"page\">\n\t\t\t\t<div class=\"elementor-element elementor-element-a7a14fd e-flex e-con-boxed e-con e-parent\" data-id=\"a7a14fd\" data-element_type=\"container\">\n\t\t\t\t\t<div class=\"e-con-inner\">\n\t\t<div class=\"elementor-element elementor-element-9d9baf9 e-flex e-con-boxed e-con e-child\" data-id=\"9d9baf9\" data-element_type=\"container\">\n\t\t\t\t\t<div class=\"e-con-inner\">\n\t\t\t\t<div class=\"elementor-element elementor-element-2134735 elementor-widget elementor-widget-heading\" data-id=\"2134735\" data-element_type=\"widget\" data-widget_type=\"heading.default\">\n\t\t\t\t<div class=\"elementor-widget-container\">\n\t\t\t<h2 class=\"elementor-heading-title elementor-size-default\">Impressum<\/h2>\t\t<\/div>\n\t\t\t\t<\/div>\n\t\t\t\t<div class=\"elementor-element elementor-element-9a242ff elementor-widget elementor-widget-text-editor\" data-id=\"9a242ff\" data-element_type=\"widget\" data-widget_type=\"text-editor.default\">\n\t\t\t\t<div class=\"elementor-widget-container\">\n\t\t\t\t\t\t\t<p>G\u00f6ring Consulting GmbH<br \/>G\u00e4rtnereiweg 10<br \/>30989\u00a0 Gehrden\u00a0<\/p><p><br \/>Mail: <a class=\"c-link\" href=\"mailto:goering@goering-consulting.de\" target=\"_blank\" rel=\"noopener noreferrer\" data-stringify-link=\"mailto:goering@goering-consulting.de\" data-sk=\"tooltip_parent\" aria-haspopup=\"menu\">goering@goering-consulting.de<\/a><br \/>Tel.: 015228371255<br \/>Gesch\u00e4ftsf\u00fchrer: Roy G\u00f6ring<br \/>Eintragung Handelsregister: HRB 226705<br \/>USt-IdNr.: DE366527398<\/p>\t\t\t\t\t\t<\/div>\n\t\t\t\t<\/div>\n\t\t\t\t\t<\/div>\n\t\t\t\t<\/div>\n\t\t\t\t\t<\/div>\n\t\t\t\t<\/div>\n\t\t\t\t<\/div>\n\t\t","protected":false},"excerpt":{"rendered":"<p>Impressum G\u00f6ring Consulting GmbHG\u00e4rtnereiweg 1030989\u00a0 Gehrden\u00a0 Mail: goering@goering-consulting.deTel.: 015228371255Gesch\u00e4ftsf\u00fchrer: Roy G\u00f6ringEintragung Handelsregister: HRB 226705USt-IdNr.: DE366527398<\/p>\n","protected":false},"author":5,"featured_media":0,"parent":0,"menu_order":0,"comment_status":"closed","ping_status":"closed","template":"elementor_header_footer","meta":{"footnotes":""},"class_list":["post-221","page","type-page","status-publish","hentry"],"_links":{"self":[{"href":"https:\/\/goering-consulting.de\/index.php\/wp-json\/wp\/v2\/pages\/221"}],"collection":[{"href":"https:\/\/goering-consulting.de\/index.php\/wp-json\/wp\/v2\/pages"}],"about":[{"href":"https:\/\/goering-consulting.de\/index.php\/wp-json\/wp\/v2\/types\/page"}],"author":[{"embeddable":true,"href":"https:\/\/goering-consulting.de\/index.php\/wp-json\/wp\/v2\/users\/5"}],"replies":[{"embeddable":true,"href":"https:\/\/goering-consulting.de\/index.php\/wp-json\/wp\/v2\/comments?post=221"}],"version-history":[{"count":3,"href":"https:\/\/goering-consulting.de\/index.php\/wp-json\/wp\/v2\/pages\/221\/revisions"}],"predecessor-version":[{"id":400,"href":"https:\/\/goering-consulting.de\/index.php\/wp-json\/wp\/v2\/pages\/221\/revisions\/400"}],"wp:attachment":[{"href":"https:\/\/goering-consulting.de\/index.php\/wp-json\/wp\/v2\/media?parent=221"}],"curies":[{"name":"wp","href":"https:\/\/api.w.org\/{rel}","templated":true}]}}